n factor of 196 and t?
28
Let r(j) = -j**3 + 9*j**2 - 15*j - 19. Let z be r(5). Let i = 24 + 18. What is the highest common divisor of z and i?
6
Let c(h) = -123*h**2 + 990*h + 8. Let s be c(8). Calculate the greatest common factor of 744 and s.
8
Let l(h) = 706*h - 2806. Let a be l(4). Calculate the highest common factor of a and 174.
6
Let l be (-5)/((-5)/8) + (28 - -89). What is the greatest common factor of l and 2?
1
Let u = 2523 + -2149. Suppose 0 = 6*o - 36 - 168. What is the greatest common divisor of u and o?
34
Let s = 460 - 265. Suppose 2*p - 2*u - 52 = 2*u, -5*p - 3*u = -s. Suppose -k + 2*j + 49 = 4*k, 2*k - 14 = -2*j. What is the highest common divisor of p and k?
9
Let z(q) = q**2 - 4*q + 3. Let i be z(-4). Let b(c) = 233*c + 1946. Let w be b(-7). Calculate the greatest common divisor of w and i.
35
Let h(y) = -y**2 - 28*y - 151. Let i be h(-11). Let n be 83 - 64 - (3 + 0). Calculate the highest common factor of n and i.
4
Let j = -596 - -603. Let r be j + 1 + 10 + 7. What is the greatest common factor of 100 and r?
25
Suppose -b + 5*y + 27 = 0, 6 = b - y - 1. Suppose -b*o + 18*o - 10528 = 0. What is the greatest common factor of 14 and o?
14
Suppose 0 = -23*d + 20*d + 6. Suppose 21*t = 25*t + 160. Let n = t - -43. Calculate the highest common divisor of d and n.
1
Suppose c + 1092 = -2*l + 3434, 3*l = -3*c + 7011. What is the greatest common factor of 44 and c?
44
Suppose -r - 4*v + 811 = 0, -5*r + 3184 = -r + v. Let n be 53 + -22 + (-880)/(-40). What is the greatest common divisor of r and n?
53
Let t(l) = -l. Let h be t(-1). Suppose 17*m + 610 = -24*m + 54*m + 142. What is the greatest common factor of h and m?
1
Suppose -264*n - 382158 = -390*n. Calculate the greatest common factor of n and 9.
9
Let x(a) = -a**3 + 10*a**2 - 11*a - 7. Let w be x(8). Suppose 187 = 2066*p - 2084*p + 781. Calculate the greatest common divisor of w and p.
33
Let i be (-5110)/(-6132) - -1081*((-10)/12 - -1). Calculate the greatest common factor of i and 4163.
181
Suppose g - 951 = 3*k - 13446, 4*g = -2*k + 8302. Calculate the highest common divisor of 1267 and k.
181
Let j(d) = 133*d + 15750. Let b be j(-118). Suppose 0 = -3*l - 4*w + 60, w = 4*l - 25 - 36. What is the highest common divisor of b and l?
8
Let c be 30*1*(76/(-15))/(36/(-180)). Calculate the greatest common divisor of c and 5624.
152
Suppose -328*y - 154*y = -94*y - 452408. Calculate the greatest common factor of y and 253.
11
Suppose 0 = 4*z + u - 3*u - 30, -2*z + 2*u = -20. Suppose -z*g + 202 = 102. Calculate the highest common factor of 220 and g.
20
Let y(j) = j**2 - 14*j - 2. Let g = 108 + -92. Let m be y(g). What is the greatest common divisor of 480 and m?
30
Let h(j) = 11 + 0*j**2 + j**2 - 1 + 2*j - 5*j. Let p = 535 - 529. Let n be h(p). Calculate the greatest common divisor of n and 7.
7
Suppose -4*c - 18 = q - 0, -4*c = -3*q + 26. Suppose -33 = -q*j - 7. Suppose -33*k + 1560 = -23*k. What is the greatest common divisor of j and k?
13
Let s = 11167 + -10868. What is the greatest common divisor of s and 338?
13
Let t = -4092 - -4148. What is the highest common factor of t and 2940?
28
Suppose 22*b - 10 = 17*b. Let g be (-4)/b + (11 - -28). Suppose 0 = 2*t - 5*f - 94, 5*t - 201 = -12*f + 16*f. Calculate the greatest common divisor of t and g.
37
Suppose 0 = 1206*q - 1203*q + 6, q = 5*n - 23032. What is the highest common divisor of n and 686?
98
Let i be -1*(-6 - (2/(-6) - 2846/(-6))). What is the highest common factor of 225 and i?
15
Let l(f) = f**3 - 5. Let h be l(0). Let d = h - -69. Suppose 1143*v - 1146*v = -u + 16, 48 = 3*u + 2*v. Calculate the highest common factor of u and d.
16
Let m = -1033 + 1279. Calculate the greatest common divisor of 1 and m.
1
Let z = 422 - 278. Suppose -19*a + z = -a. Calculate the greatest common divisor of a and 68.
4
Suppose -2*u + 152 = 72. Suppose -5*r + 1010 = 5*k, r = 4*r + 2*k - 604. Calculate the highest common divisor of r and u.
40
Suppose -a - 25 = 29. Let w be 5/((-15)/a) + (-3)/1. What is the highest common factor of w and 45?
15
Let x be 4 + 2 + (-2)/1. Let a be (5 - x)*58 + -5 - -4. Calculate the greatest common factor of 285 and a.
57
Suppose 0 = -50*r + 47*r - 210. Let w be (r/(-8) + (-3)/(-12))*3. Calculate the greatest common factor of 9 and w.
9
Suppose 43173 = 146*b - 58443. Let f(y) = -23*y + 1. Let p be f(-1). What is the highest common factor of b and p?
24
Let d = -152 + 180. Suppose -3*p + 3*z + 15 = 0, -5*p + z = -d - 13. Calculate the highest common factor of 9 and p.
9
Let q(j) = -1617*j - 1390. Let k be q(-5). Calculate the greatest common divisor of 65 and k.
65
Suppose 3*l + l - 8 = 0, 4*o - 3*l = 26. Let s = -13 - -7. Let t be (1 + -4)/(s/128). What is the highest common divisor of o and t?
8
Suppose -4*x + 3*f = -349 + 69, 4*x + 5*f - 248 = 0. Calculate the highest common divisor of 1943 and x.
67
Suppose 278*a + 196*a - 15*a = 342873. Calculate the greatest common factor of 7719 and a.
249
Suppose 3*s - 192 = 1587. Suppose -s = -17*q - 117. What is the highest common divisor of 28 and q?
28
Suppose -212*q + 3*t + 68 = -207*q, 2*q = t + 27. What is the greatest common factor of 5057 and q?
13
Suppose 2*n = 5*p + 52, 5*n - 5*p + p - 130 = 0. Let r = -29786 + 30930. What is the highest common divisor of n and r?
26
Let m(i) = -8*i**2 - 2*i + 3. Let g be m(2). Let q = -667 - -744. Let j = g + q. What is the greatest common divisor of j and 110?
22
Let l(p) = -p**2 + 5*p + 4. Let x be l(4). Let v = x - 3. Suppose 1845 = -6*s + 47*s. Calculate the greatest common factor of s and v.
5
Suppose 5 = 2*d + 17. Let x(j) = 182*j**2 - 6*j - 58*j**2 - 58*j**2 - 67*j**2 - 3*j. Let y be x(d). What is the highest common factor of 36 and y?
18
Let d(t) = -t**3 - 78*t**2 - 169*t + 39. Let g be d(-76). Calculate the greatest common divisor of g and 363.
121
Suppose 6*f + g = f + 11, g = -4*f + 9. Suppose f*x + x = 294. Calculate the highest common factor of x and 147.
49
Suppose 3*n = -2*q - 4, 0*q + 6 = 2*n - 3*q. Let b(f) = 34*f + 1. Let t be b(1). Let g = t + n. What is the highest common divisor of g and 14?
7
Let u be 3*((-420)/(-9) - -2). Suppose 7*n - 8 - u = 0. Let j = n + -9. Calculate the greatest common factor of 143 and j.
13
Let k(b) = -13*b - 86 - 21 - 18*b. Let z be k(-7). Suppose -2*g + 4*i = -14, 3*g - 29 - 6 = -i. Calculate the highest common factor of z and g.
11
Let j be 21836/(-1908)*267*-3. What is the greatest common divisor of 89 and j?
89
Let t be 2/((-187)/(-1105)*(-2)/(-11)). Calculate the highest common factor of t and 25155.
65
Let x = -34217 - -34231. Let r be 2/(-7) - 2684/14. Let t = -136 - r. What is the greatest common factor of t and x?
14
Suppose -11*o - 5*x + 2934 = -8*o, 1000 = o - 2*x. What is the greatest common divisor of o and 304?
76
Suppose -24 = 4*r + 8*r. Let u be (11/r)/((-1)/22)*1. Let l be (-2 + -1 - -2) + 0 + u. Calculate the greatest common divisor of l and 15.
15
Let w(i) = 399*i**3 + 11*i - 11. Let a be w(1). What is the greatest common divisor of a and 546?
21
Let w(b) = -b**2 + 13*b - 13. Let z be w(9). Let m(d) = -2*d**3 - 7*d**2 - 84*d - 569. Let t be m(-6). Calculate the greatest common divisor of t and z.
23
Let u(s) = -10*s - 32. Let y be u(-5). Suppose y + 170 = 4*q. Calculate the highest common factor of q and 282.
47
Suppose -6192 = 14*d + 22*d. Let x = 208 + d. What is the highest common divisor of 12 and x?
12
Let w(x) = x**3 + 5*x**2 - 7*x. Let u be w(-6). Suppose 875 + 644 = 7*p. Let y = -211 + p. Calculate the highest common factor of u and y.
6
Let g = -16 - -20. Suppose -4*x = -c - c + g, 28 = 4*c + 2*x. Suppose -27*p = -r - 23*p + 1, 10 = 5*p. What is the highest common factor of r and c?
3
Let h = 3 - -14. Let n(c) = 13*c**3 - 211*c**2 + 59*c + 11. Let l be n(16). Calculate the highest common factor of l and h.
17
Let c(q) = q**2 + 16*q + 115. Let y be c(-17). Suppose -129*n + y*n - 66 = 0. What is the greatest common divisor of n and 506?
22
Suppose 5*n - 335 = -3*o, 4*o - n = -0*o + 462. Let c(l) = 3*l**2 + 106*l + 81. Let h be c(-35). Calculate the greatest common divisor of h and o.
23
Let h(i) = -51*i + 10. Let w be h(-8). Let b = w + -310. What is the highest common factor of 162 and b?
54
Let f(q) = q**3 + 11*q**2 - 27*q - 8. Let j be f(-13). Le